{"id":37,"date":"2025-07-28T21:50:14","date_gmt":"2025-07-29T02:50:14","guid":{"rendered":"https:\/\/scuderia.ec\/?page_id=37"},"modified":"2025-07-28T22:00:18","modified_gmt":"2025-07-29T03:00:18","slug":"quienes-somos","status":"publish","type":"page","link":"https:\/\/scuderia.ec\/index.php\/quienes-somos\/","title":{"rendered":"Quienes somos"},"content":{"rendered":"\t\t<div data-elementor-type=\"wp-page\" data-elementor-id=\"37\" class=\"elementor elementor-37\">\n\t\t\t\t<div class=\"elementor-element elementor-element-b820bee e-flex e-con-boxed e-con e-parent\" data-id=\"b820bee\" data-element_type=\"container\">\n\t\t\t\t\t<div class=\"e-con-inner\">\n\t\t\t\t<div class=\"elementor-element elementor-element-efb2e7d elementor-widget elementor-widget-image\" data-id=\"efb2e7d\" data-element_type=\"widget\" data-widget_type=\"image.default\">\n\t\t\t\t\t\t\t\t\t\t\t\t\t\t\t<img fetchpriority=\"high\" decoding=\"async\" width=\"1024\" height=\"674\" src=\"https:\/\/scuderia.ec\/wp-content\/uploads\/2025\/07\/SCUDERIA-URDESA-EDUARDO-min-1024x674.png\" class=\"attachment-large size-large wp-image-39\" alt=\"\" srcset=\"https:\/\/scuderia.ec\/wp-content\/uploads\/2025\/07\/SCUDERIA-URDESA-EDUARDO-min-1024x674.png 1024w, https:\/\/scuderia.ec\/wp-content\/uploads\/2025\/07\/SCUDERIA-URDESA-EDUARDO-min-300x198.png 300w, https:\/\/scuderia.ec\/wp-content\/uploads\/2025\/07\/SCUDERIA-URDESA-EDUARDO-min-768x506.png 768w, https:\/\/scuderia.ec\/wp-content\/uploads\/2025\/07\/SCUDERIA-URDESA-EDUARDO-min.png 1165w\" sizes=\"(max-width: 1024px) 100vw, 1024px\" \/>\t\t\t\t\t\t\t\t\t\t\t\t\t\t\t<\/div>\n\t\t\t\t\t<\/div>\n\t\t\t\t<\/div>\n\t\t<div class=\"elementor-element elementor-element-25983ee e-flex e-con-boxed e-con e-parent\" data-id=\"25983ee\" data-element_type=\"container\">\n\t\t\t\t\t<div class=\"e-con-inner\">\n\t\t\t\t<div class=\"elementor-element elementor-element-cef262a elementor-widget elementor-widget-text-editor\" data-id=\"cef262a\" data-element_type=\"widget\" data-widget_type=\"text-editor.default\">\n\t\t\t\t\t\t\t\t\t<p dir=\"ltr\">Somos una empresa con m\u00e1s de 20 a\u00f1os de experiencia en el cuidado de veh\u00edculos, actualmente radicada en la ciudad de Guayaquil, bajo el nombre de:<\/p><p dir=\"ltr\">LUBRICADORA Y LAVADORA BAUZAM S.A.<\/p>\t\t\t\t\t\t\t\t<\/div>\n\t\t\t\t\t<\/div>\n\t\t\t\t<\/div>\n\t\t\t\t<\/div>\n\t\t","protected":false},"excerpt":{"rendered":"<p>Somos una empresa con m\u00e1s de 20 a\u00f1os de experiencia en el cuidado de veh\u00edculos, actualmente radicada en la ciudad de Guayaquil, bajo el nombre de: LUBRICADORA Y LAVADORA BAUZAM S.A.<\/p>\n","protected":false},"author":1,"featured_media":0,"parent":0,"menu_order":2,"comment_status":"closed","ping_status":"closed","template":"","meta":{"footnotes":""},"class_list":["post-37","page","type-page","status-publish","hentry"],"_links":{"self":[{"href":"https:\/\/scuderia.ec\/index.php\/wp-json\/wp\/v2\/pages\/37","targetHints":{"allow":["GET"]}}],"collection":[{"href":"https:\/\/scuderia.ec\/index.php\/wp-json\/wp\/v2\/pages"}],"about":[{"href":"https:\/\/scuderia.ec\/index.php\/wp-json\/wp\/v2\/types\/page"}],"author":[{"embeddable":true,"href":"https:\/\/scuderia.ec\/index.php\/wp-json\/wp\/v2\/users\/1"}],"replies":[{"embeddable":true,"href":"https:\/\/scuderia.ec\/index.php\/wp-json\/wp\/v2\/comments?post=37"}],"version-history":[{"count":4,"href":"https:\/\/scuderia.ec\/index.php\/wp-json\/wp\/v2\/pages\/37\/revisions"}],"predecessor-version":[{"id":42,"href":"https:\/\/scuderia.ec\/index.php\/wp-json\/wp\/v2\/pages\/37\/revisions\/42"}],"wp:attachment":[{"href":"https:\/\/scuderia.ec\/index.php\/wp-json\/wp\/v2\/media?parent=37"}],"curies":[{"name":"wp","href":"https:\/\/api.w.org\/{rel}","templated":true}]}}